{"version":"1.0","provider_name":"Lahti Historic Rally","provider_url":"https:\/\/lahtihistoricrally.fi\/en","author_name":"Timo Korkalainen","author_url":"https:\/\/lahtihistoricrally.fi\/en\/author\/timokorkalainen\/","title":"Aikataulu & Reitti - Lahti Historic Rally","type":"rich","width":600,"height":338,"html":"<blockquote class=\"wp-embedded-content\" data-secret=\"n3VmM2qvVD\"><a href=\"https:\/\/lahtihistoricrally.fi\/en\/aikataulu\/\">Itinerary &amp; Route<\/a><\/blockquote><iframe sandbox=\"allow-scripts\" security=\"restricted\" src=\"https:\/\/lahtihistoricrally.fi\/en\/aikataulu\/embed\/#?secret=n3VmM2qvVD\" width=\"600\" height=\"338\" title=\"&#8220;Aikataulu &#038; Reitti&#8221; &#8212; Lahti Historic Rally\" data-secret=\"n3VmM2qvVD\" frameborder=\"0\" marginwidth=\"0\" marginheight=\"0\" scrolling=\"no\" class=\"wp-embedded-content\"><\/iframe><script type=\"text\/javascript\">\n\/* <![CDATA[ *\/\n\/*! This file is auto-generated *\/\n!function(d,l){\"use strict\";l.querySelector&&d.addEventListener&&\"undefined\"!=typeof URL&&(d.wp=d.wp||{},d.wp.receiveEmbedMessage||(d.wp.receiveEmbedMessage=function(e){var t=e.data;if((t||t.secret||t.message||t.value)&&!\/[^a-zA-Z0-9]\/.test(t.secret)){for(var s,r,n,a=l.querySelectorAll('iframe[data-secret=\"'+t.secret+'\"]'),o=l.querySelectorAll('blockquote[data-secret=\"'+t.secret+'\"]'),c=new RegExp(\"^https?:$\",\"i\"),i=0;i<o.length;i++)o[i].style.display=\"none\";for(i=0;i<a.length;i++)s=a[i],e.source===s.contentWindow&&(s.removeAttribute(\"style\"),\"height\"===t.message?(1e3<(r=parseInt(t.value,10))?r=1e3:~~r<200&&(r=200),s.height=r):\"link\"===t.message&&(r=new URL(s.getAttribute(\"src\")),n=new URL(t.value),c.test(n.protocol))&&n.host===r.host&&l.activeElement===s&&(d.top.location.href=t.value))}},d.addEventListener(\"message\",d.wp.receiveEmbedMessage,!1),l.addEventListener(\"DOMContentLoaded\",function(){for(var e,t,s=l.querySelectorAll(\"iframe.wp-embedded-content\"),r=0;r<s.length;r++)(t=(e=s[r]).getAttribute(\"data-secret\"))||(t=Math.random().toString(36).substring(2,12),e.src+=\"#?secret=\"+t,e.setAttribute(\"data-secret\",t)),e.contentWindow.postMessage({message:\"ready\",secret:t},\"*\")},!1)))}(window,document);\n\/\/# sourceURL=https:\/\/lahtihistoricrally.fi\/wp-includes\/js\/wp-embed.min.js\n\/* ]]> *\/\n<\/script>","thumbnail_url":"https:\/\/lahtihistoricrally.fi\/wp-content\/uploads\/2023\/03\/audi.jpg","thumbnail_width":1920,"thumbnail_height":1080,"description":"Lahti Historic Rallyn reittikartta ja erikoiskoeaikataulu 2026 EM Lahti Historic Rallin sek\u00e4 HRT-osakilpailujen osalta aikataulut julkaistaan my\u00f6hemmin. Ty\u00f6t\u00e4 on tehty jo monta kuukautta ja pikku hiljaa suunnitelmat varmistuvat, mink\u00e4 j\u00e4lkeen voimme niist\u00e4 tiedottaa. Kilpailu alkaa perjantaina 21.8.2026 aamup\u00e4iv\u00e4ll\u00e4 ja y\u00f6tauolle tullaan kolmen, kahdesti ajettavan mets\u00e4erikoiskokeen sek\u00e4 yhden yleis\u00f6erikoiskokeen j\u00e4lkeen.\u00a0 Lauantaina [&hellip;]"}

Lahti Historic Rallyn reittikartta ja erikoiskoeaikataulu 2026 EM Lahti Historic Rallin sekä HRT-osakilpailujen osalta aikataulut julkaistaan myöhemmin. Työtä on tehty jo monta kuukautta ja pikku hiljaa suunnitelmat varmistuvat, minkä jälkeen voimme niistä tiedottaa. Kilpailu alkaa perjantaina 21.8.2026 aamupäivällä ja yötauolle tullaan kolmen, kahdesti ajettavan metsäerikoiskokeen sekä yhden yleisöerikoiskokeen jälkeen.  Lauantaina [&hellip;]
